{"id":26,"date":"2023-09-10T23:17:46","date_gmt":"2023-09-10T21:17:46","guid":{"rendered":"https:\/\/niebieskalatarnia.pl\/?page_id=26"},"modified":"2023-09-28T23:28:26","modified_gmt":"2023-09-28T21:28:26","slug":"kontakt","status":"publish","type":"page","link":"https:\/\/niebieskalatarnia.pl\/index.php\/kontakt\/","title":{"rendered":"Kontakt i dojazd"},"content":{"rendered":"<p><img loading=\"lazy\" decoding=\"async\" class=\" wp-image-54 aligncenter\" src=\"https:\/\/niebieskalatarnia.pl\/wp-content\/uploads\/2023\/09\/tinywow_change_bg_photo_33555939-300x300.png\" alt=\"\" width=\"238\" height=\"238\" srcset=\"https:\/\/niebieskalatarnia.pl\/wp-content\/uploads\/2023\/09\/tinywow_change_bg_photo_33555939-300x300.png 300w, https:\/\/niebieskalatarnia.pl\/wp-content\/uploads\/2023\/09\/tinywow_change_bg_photo_33555939-1024x1024.png 1024w, https:\/\/niebieskalatarnia.pl\/wp-content\/uploads\/2023\/09\/tinywow_change_bg_photo_33555939-150x150.png 150w, https:\/\/niebieskalatarnia.pl\/wp-content\/uploads\/2023\/09\/tinywow_change_bg_photo_33555939-768x768.png 768w, https:\/\/niebieskalatarnia.pl\/wp-content\/uploads\/2023\/09\/tinywow_change_bg_photo_33555939.png 1070w\" sizes=\"auto, (max-width: 238px) 100vw, 238px\" \/><\/p>\n<p style=\"text-align: center;\"><strong>Gabinet Terapeutyczny <span style=\"color: #3366ff;\">Niebieska Latarnia<\/span><br \/>\nRenata Krasowicz-\u0141eszczy\u0144ska<br \/>\n<\/strong>ul. Ksi\u0119cia Janusza 62 lok. 136<strong><br \/>\n<\/strong>01-452 Warszawa<strong><br \/>\n<\/strong>tel.: 609 038 946<strong><br \/>\n<\/strong>e-mail: gabinet@niebieskalatarnia.pl<br \/>\nNIP: 8381775451<br \/>\nREGON: 526057978<\/p>\n<p><script src=\"https:\/\/static.elfsight.com\/platform\/platform.js\" data-use-service-core defer><\/script><\/p>\n<div class=\"elfsight-app-40dd46d0-0a89-4510-9c02-bbf31a344afc\"><\/div>\n<p style=\"text-align: center;\">Numer konta bankowego:<br \/>\nALIOR BANK<br \/>\n45 2490 0005 0000 4530 0009 1034<br \/>\nBIC\/SWIFT: ALBPPLPW<\/p>\n<p><strong>Dojazd:<\/strong><\/p>\n<p><iframe loading=\"lazy\" style=\"border: 0;\" src=\"https:\/\/www.google.com\/maps\/embed?pb=!1m18!1m12!1m3!1d2442.925172798612!2d20.937904376664424!3d52.24474277199032!2m3!1f0!2f0!3f0!3m2!1i1024!2i768!4f13.1!3m3!1m2!1s0x4fc76e424300441f%3A0xa2e26b236728dee3!2sGabinet%20terapeutyczny%20Niebieska%20Latarnia!5e0!3m2!1spl!2spl!4v1695931700667!5m2!1spl!2spl\" width=\"600\" height=\"450\" allowfullscreen=\"allowfullscreen\"><\/iframe><\/p>\n<p>Gabinet nasz znajduje si\u0119 w V klatce.<\/p>\n<p><img loading=\"lazy\" decoding=\"async\" class=\"alignnone size-medium wp-image-61\" src=\"https:\/\/niebieskalatarnia.pl\/wp-content\/uploads\/2023\/09\/lokal-300x138.png\" alt=\"\" width=\"300\" height=\"138\" srcset=\"https:\/\/niebieskalatarnia.pl\/wp-content\/uploads\/2023\/09\/lokal-300x138.png 300w, https:\/\/niebieskalatarnia.pl\/wp-content\/uploads\/2023\/09\/lokal-768x354.png 768w, https:\/\/niebieskalatarnia.pl\/wp-content\/uploads\/2023\/09\/lokal.png 1020w\" sizes=\"auto, (max-width: 300px) 100vw, 300px\" \/><\/p>\n<div class=\"wpforms-container wpforms-container-full wpforms-render-modern\" id=\"wpforms-124\"><form id=\"wpforms-form-124\" class=\"wpforms-validate wpforms-form wpforms-ajax-form\" data-formid=\"124\" method=\"post\" enctype=\"multipart\/form-data\" action=\"\/index.php\/wp-json\/wp\/v2\/pages\/26\" data-token=\"3d16847c275df645bc783b57df3c4e80\"><noscript class=\"wpforms-error-noscript\">Aby wype\u0142ni\u0107 ten formularz, w\u0142\u0105cz obs\u0142ug\u0119 JavaScript w przegl\u0105darce.<\/noscript><div class=\"wpforms-hidden\" id=\"wpforms-error-noscript\">Aby wype\u0142ni\u0107 ten formularz, w\u0142\u0105cz obs\u0142ug\u0119 JavaScript w przegl\u0105darce.<\/div><div class=\"wpforms-field-container\"><div id=\"wpforms-124-field_0-container\" class=\"wpforms-field wpforms-field-name\" data-field-id=\"0\"><label class=\"wpforms-field-label\" for=\"wpforms-124-field_0\">Imi\u0119 i nazwisko \/ Nazwa <span class=\"wpforms-required-label\" aria-hidden=\"true\">*<\/span><\/label><input type=\"text\" id=\"wpforms-124-field_0\" class=\"wpforms-field-medium wpforms-field-required\" name=\"wpforms[fields][0]\" aria-errormessage=\"wpforms-124-field_0-error\" required><\/div><div id=\"wpforms-124-field_1-container\" class=\"wpforms-field wpforms-field-email\" data-field-id=\"1\"><label class=\"wpforms-field-label\" for=\"wpforms-124-field_1\">E-mail<\/label><input type=\"email\" id=\"wpforms-124-field_1\" class=\"wpforms-field-medium\" name=\"wpforms[fields][1]\" spellcheck=\"false\" aria-errormessage=\"wpforms-124-field_1-error\" ><\/div><div id=\"wpforms-124-field_4-container\" class=\"wpforms-field wpforms-field-name\" data-field-id=\"4\"><label class=\"wpforms-field-label\" for=\"wpforms-124-field_4\">numer telefonu<\/label><input type=\"text\" id=\"wpforms-124-field_4\" class=\"wpforms-field-medium\" name=\"wpforms[fields][4]\" aria-errormessage=\"wpforms-124-field_4-error\" ><\/div><div id=\"wpforms-124-field_2-container\" class=\"wpforms-field wpforms-field-textarea\" data-field-id=\"2\"><label class=\"wpforms-field-label\" for=\"wpforms-124-field_2\">Komentarz lub wiadomo\u015b\u0107<\/label><textarea id=\"wpforms-124-field_2\" class=\"wpforms-field-medium\" name=\"wpforms[fields][2]\" aria-errormessage=\"wpforms-124-field_2-error\" ><\/textarea><\/div><\/div><!-- .wpforms-field-container --><div class=\"wpforms-submit-container\" ><input type=\"hidden\" name=\"wpforms[id]\" value=\"124\"><input type=\"hidden\" name=\"wpforms[author]\" value=\"1\"><button type=\"submit\" name=\"wpforms[submit]\" id=\"wpforms-submit-124\" class=\"wpforms-submit\" data-alt-text=\"Wysy\u0142anie...\" data-submit-text=\"Prze\u015blij\" aria-live=\"assertive\" value=\"wpforms-submit\">Prze\u015blij<\/button><img loading=\"lazy\" decoding=\"async\" src=\"https:\/\/niebieskalatarnia.pl\/wp-content\/plugins\/wpforms-lite\/assets\/images\/submit-spin.svg\" class=\"wpforms-submit-spinner\" style=\"display: none;\" width=\"26\" height=\"26\" alt=\"Wczytywanie\"><\/div><\/form><\/div>  <!-- .wpforms-container -->\n<p><code>Wysy\u0142aj\u0105c wiadomo\u015b\u0107 przez formularz akceptuj\u0105 Pa\u0144stwo Polityk\u0119 Prywatno\u015bci znajduj\u0105c\u0105 si\u0119 w tym <a href=\"https:\/\/niebieskalatarnia.pl\/index.php\/polityka-prywatnosci\/\" target=\"_blank\" rel=\"noopener\">linku<\/a><\/code><\/p>\n","protected":false},"excerpt":{"rendered":"<p>Gabinet Terapeutyczny Niebieska Latarnia Renata Krasowicz-\u0141eszczy\u0144ska ul. Ksi\u0119cia Janusza 62 lok. 136 01-452 Warszawa tel.: 609 038 946 e-mail: gabinet@niebieskalatarnia.pl NIP: 8381775451 REGON: 526057978 Numer konta bankowego: ALIOR BANK 45 2490 0005 0000 4530 0009 1034 BIC\/SWIFT: ALBPPLPW Dojazd: Gabinet nasz znajduje si\u0119 w V klatce. Wysy\u0142aj\u0105c wiadomo\u015b\u0107 przez formularz akceptuj\u0105 Pa\u0144stwo Polityk\u0119 Prywatno\u015bci znajduj\u0105c\u0105&#8230;<\/p>\n","protected":false},"author":1,"featured_media":0,"parent":0,"menu_order":5,"comment_status":"closed","ping_status":"closed","template":"","meta":{"_kad_post_transparent":"default","_kad_post_title":"default","_kad_post_layout":"default","_kad_post_sidebar_id":"","_kad_post_content_style":"default","_kad_post_vertical_padding":"default","_kad_post_feature":"","_kad_post_feature_position":"","_kad_post_header":false,"_kad_post_footer":false,"footnotes":""},"class_list":["post-26","page","type-page","status-publish","hentry"],"yoast_head":"<!-- This site is optimized with the Yoast SEO plugin v21.2 - https:\/\/yoast.com\/wordpress\/plugins\/seo\/ -->\n<title>Kontakt i dojazd &#8226; NIEBIESKA LATARNIA<\/title>\n<meta name=\"robots\" content=\"index, follow, max-snippet:-1, max-image-preview:large, max-video-preview:-1\" \/>\n<link rel=\"canonical\" href=\"https:\/\/niebieskalatarnia.pl\/index.php\/kontakt\/\" \/>\n<meta property=\"og:locale\" content=\"pl_PL\" \/>\n<meta property=\"og:type\" content=\"article\" \/>\n<meta property=\"og:title\" content=\"Kontakt i dojazd &#8226; NIEBIESKA LATARNIA\" \/>\n<meta property=\"og:description\" content=\"Gabinet Terapeutyczny Niebieska Latarnia Renata Krasowicz-\u0141eszczy\u0144ska ul. Ksi\u0119cia Janusza 62 lok. 136 01-452 Warszawa tel.: 609 038 946 e-mail: gabinet@niebieskalatarnia.pl NIP: 8381775451 REGON: 526057978 Numer konta bankowego: ALIOR BANK 45 2490 0005 0000 4530 0009 1034 BIC\/SWIFT: ALBPPLPW Dojazd: Gabinet nasz znajduje si\u0119 w V klatce. Wysy\u0142aj\u0105c wiadomo\u015b\u0107 przez formularz akceptuj\u0105 Pa\u0144stwo Polityk\u0119 Prywatno\u015bci znajduj\u0105c\u0105...\" \/>\n<meta property=\"og:url\" content=\"https:\/\/niebieskalatarnia.pl\/index.php\/kontakt\/\" \/>\n<meta property=\"og:site_name\" content=\"NIEBIESKA LATARNIA\" \/>\n<meta property=\"article:publisher\" content=\"https:\/\/facebook.com\/niebieskalatarnia\" \/>\n<meta property=\"article:modified_time\" content=\"2023-09-28T21:28:26+00:00\" \/>\n<meta property=\"og:image\" content=\"https:\/\/niebieskalatarnia.pl\/wp-content\/uploads\/2023\/09\/tinywow_change_bg_photo_33555939-300x300.png\" \/>\n<meta name=\"twitter:card\" content=\"summary_large_image\" \/>\n<script type=\"application\/ld+json\" class=\"yoast-schema-graph\">{\"@context\":\"https:\/\/schema.org\",\"@graph\":[{\"@type\":\"WebPage\",\"@id\":\"https:\/\/niebieskalatarnia.pl\/index.php\/kontakt\/\",\"url\":\"https:\/\/niebieskalatarnia.pl\/index.php\/kontakt\/\",\"name\":\"Kontakt i dojazd &#8226; NIEBIESKA LATARNIA\",\"isPartOf\":{\"@id\":\"https:\/\/niebieskalatarnia.pl\/#website\"},\"datePublished\":\"2023-09-10T21:17:46+00:00\",\"dateModified\":\"2023-09-28T21:28:26+00:00\",\"breadcrumb\":{\"@id\":\"https:\/\/niebieskalatarnia.pl\/index.php\/kontakt\/#breadcrumb\"},\"inLanguage\":\"pl-PL\",\"potentialAction\":[{\"@type\":\"ReadAction\",\"target\":[\"https:\/\/niebieskalatarnia.pl\/index.php\/kontakt\/\"]}]},{\"@type\":\"BreadcrumbList\",\"@id\":\"https:\/\/niebieskalatarnia.pl\/index.php\/kontakt\/#breadcrumb\",\"itemListElement\":[{\"@type\":\"ListItem\",\"position\":1,\"name\":\"Home\",\"item\":\"https:\/\/niebieskalatarnia.pl\/\"},{\"@type\":\"ListItem\",\"position\":2,\"name\":\"Kontakt i dojazd\"}]},{\"@type\":\"WebSite\",\"@id\":\"https:\/\/niebieskalatarnia.pl\/#website\",\"url\":\"https:\/\/niebieskalatarnia.pl\/\",\"name\":\"Gabinet terapeutyczny NIEBIESKA LATARNIA\",\"description\":\"Gabinet terapeutyczny\",\"publisher\":{\"@id\":\"https:\/\/niebieskalatarnia.pl\/#organization\"},\"alternateName\":\"Gabinet terapeutyczny NIEBIESKA LATARNIA - SI, integracja sensoryczna, terapia zaj\u0119ciowa, logopedia, nauka czytania, terapia pedagogiczna, terapia r\u0119ki\",\"potentialAction\":[{\"@type\":\"SearchAction\",\"target\":{\"@type\":\"EntryPoint\",\"urlTemplate\":\"https:\/\/niebieskalatarnia.pl\/?s={search_term_string}\"},\"query-input\":\"required name=search_term_string\"}],\"inLanguage\":\"pl-PL\"},{\"@type\":\"Organization\",\"@id\":\"https:\/\/niebieskalatarnia.pl\/#organization\",\"name\":\"Gabinet terapeutyczny NIEBIESKA LATARNIA Renata Krasowicz-\u0141eszczy\u0144ska\",\"url\":\"https:\/\/niebieskalatarnia.pl\/\",\"logo\":{\"@type\":\"ImageObject\",\"inLanguage\":\"pl-PL\",\"@id\":\"https:\/\/niebieskalatarnia.pl\/#\/schema\/logo\/image\/\",\"url\":\"https:\/\/niebieskalatarnia.pl\/wp-content\/uploads\/2023\/09\/cropped-378788092_139217329265863_4065447794730003827_n.jpg\",\"contentUrl\":\"https:\/\/niebieskalatarnia.pl\/wp-content\/uploads\/2023\/09\/cropped-378788092_139217329265863_4065447794730003827_n.jpg\",\"width\":940,\"height\":375,\"caption\":\"Gabinet terapeutyczny NIEBIESKA LATARNIA Renata Krasowicz-\u0141eszczy\u0144ska\"},\"image\":{\"@id\":\"https:\/\/niebieskalatarnia.pl\/#\/schema\/logo\/image\/\"},\"sameAs\":[\"https:\/\/facebook.com\/niebieskalatarnia\"]}]}<\/script>\n<!-- \/ Yoast SEO plugin. -->","yoast_head_json":{"title":"Kontakt i dojazd &#8226; NIEBIESKA LATARNIA","robots":{"index":"index","follow":"follow","max-snippet":"max-snippet:-1","max-image-preview":"max-image-preview:large","max-video-preview":"max-video-preview:-1"},"canonical":"https:\/\/niebieskalatarnia.pl\/index.php\/kontakt\/","og_locale":"pl_PL","og_type":"article","og_title":"Kontakt i dojazd &#8226; NIEBIESKA LATARNIA","og_description":"Gabinet Terapeutyczny Niebieska Latarnia Renata Krasowicz-\u0141eszczy\u0144ska ul. Ksi\u0119cia Janusza 62 lok. 136 01-452 Warszawa tel.: 609 038 946 e-mail: gabinet@niebieskalatarnia.pl NIP: 8381775451 REGON: 526057978 Numer konta bankowego: ALIOR BANK 45 2490 0005 0000 4530 0009 1034 BIC\/SWIFT: ALBPPLPW Dojazd: Gabinet nasz znajduje si\u0119 w V klatce. Wysy\u0142aj\u0105c wiadomo\u015b\u0107 przez formularz akceptuj\u0105 Pa\u0144stwo Polityk\u0119 Prywatno\u015bci znajduj\u0105c\u0105...","og_url":"https:\/\/niebieskalatarnia.pl\/index.php\/kontakt\/","og_site_name":"NIEBIESKA LATARNIA","article_publisher":"https:\/\/facebook.com\/niebieskalatarnia","article_modified_time":"2023-09-28T21:28:26+00:00","og_image":[{"url":"https:\/\/niebieskalatarnia.pl\/wp-content\/uploads\/2023\/09\/tinywow_change_bg_photo_33555939-300x300.png"}],"twitter_card":"summary_large_image","schema":{"@context":"https:\/\/schema.org","@graph":[{"@type":"WebPage","@id":"https:\/\/niebieskalatarnia.pl\/index.php\/kontakt\/","url":"https:\/\/niebieskalatarnia.pl\/index.php\/kontakt\/","name":"Kontakt i dojazd &#8226; NIEBIESKA LATARNIA","isPartOf":{"@id":"https:\/\/niebieskalatarnia.pl\/#website"},"datePublished":"2023-09-10T21:17:46+00:00","dateModified":"2023-09-28T21:28:26+00:00","breadcrumb":{"@id":"https:\/\/niebieskalatarnia.pl\/index.php\/kontakt\/#breadcrumb"},"inLanguage":"pl-PL","potentialAction":[{"@type":"ReadAction","target":["https:\/\/niebieskalatarnia.pl\/index.php\/kontakt\/"]}]},{"@type":"BreadcrumbList","@id":"https:\/\/niebieskalatarnia.pl\/index.php\/kontakt\/#breadcrumb","itemListElement":[{"@type":"ListItem","position":1,"name":"Home","item":"https:\/\/niebieskalatarnia.pl\/"},{"@type":"ListItem","position":2,"name":"Kontakt i dojazd"}]},{"@type":"WebSite","@id":"https:\/\/niebieskalatarnia.pl\/#website","url":"https:\/\/niebieskalatarnia.pl\/","name":"Gabinet terapeutyczny NIEBIESKA LATARNIA","description":"Gabinet terapeutyczny","publisher":{"@id":"https:\/\/niebieskalatarnia.pl\/#organization"},"alternateName":"Gabinet terapeutyczny NIEBIESKA LATARNIA - SI, integracja sensoryczna, terapia zaj\u0119ciowa, logopedia, nauka czytania, terapia pedagogiczna, terapia r\u0119ki","potentialAction":[{"@type":"SearchAction","target":{"@type":"EntryPoint","urlTemplate":"https:\/\/niebieskalatarnia.pl\/?s={search_term_string}"},"query-input":"required name=search_term_string"}],"inLanguage":"pl-PL"},{"@type":"Organization","@id":"https:\/\/niebieskalatarnia.pl\/#organization","name":"Gabinet terapeutyczny NIEBIESKA LATARNIA Renata Krasowicz-\u0141eszczy\u0144ska","url":"https:\/\/niebieskalatarnia.pl\/","logo":{"@type":"ImageObject","inLanguage":"pl-PL","@id":"https:\/\/niebieskalatarnia.pl\/#\/schema\/logo\/image\/","url":"https:\/\/niebieskalatarnia.pl\/wp-content\/uploads\/2023\/09\/cropped-378788092_139217329265863_4065447794730003827_n.jpg","contentUrl":"https:\/\/niebieskalatarnia.pl\/wp-content\/uploads\/2023\/09\/cropped-378788092_139217329265863_4065447794730003827_n.jpg","width":940,"height":375,"caption":"Gabinet terapeutyczny NIEBIESKA LATARNIA Renata Krasowicz-\u0141eszczy\u0144ska"},"image":{"@id":"https:\/\/niebieskalatarnia.pl\/#\/schema\/logo\/image\/"},"sameAs":["https:\/\/facebook.com\/niebieskalatarnia"]}]}},"_links":{"self":[{"href":"https:\/\/niebieskalatarnia.pl\/index.php\/wp-json\/wp\/v2\/pages\/26","targetHints":{"allow":["GET"]}}],"collection":[{"href":"https:\/\/niebieskalatarnia.pl\/index.php\/wp-json\/wp\/v2\/pages"}],"about":[{"href":"https:\/\/niebieskalatarnia.pl\/index.php\/wp-json\/wp\/v2\/types\/page"}],"author":[{"embeddable":true,"href":"https:\/\/niebieskalatarnia.pl\/index.php\/wp-json\/wp\/v2\/users\/1"}],"replies":[{"embeddable":true,"href":"https:\/\/niebieskalatarnia.pl\/index.php\/wp-json\/wp\/v2\/comments?post=26"}],"version-history":[{"count":14,"href":"https:\/\/niebieskalatarnia.pl\/index.php\/wp-json\/wp\/v2\/pages\/26\/revisions"}],"predecessor-version":[{"id":248,"href":"https:\/\/niebieskalatarnia.pl\/index.php\/wp-json\/wp\/v2\/pages\/26\/revisions\/248"}],"wp:attachment":[{"href":"https:\/\/niebieskalatarnia.pl\/index.php\/wp-json\/wp\/v2\/media?parent=26"}],"curies":[{"name":"wp","href":"https:\/\/api.w.org\/{rel}","templated":true}]}}